{"id":91,"date":"2014-01-25T22:31:30","date_gmt":"2014-01-25T20:31:30","guid":{"rendered":"http:\/\/www.alina-beauty.ro\/?page_id=91"},"modified":"2025-11-06T17:18:59","modified_gmt":"2025-11-06T15:18:59","slug":"etape-hair-style","status":"publish","type":"page","link":"https:\/\/www.alina-beauty.ro\/?page_id=91","title":{"rendered":"Etapele ar\u0103nj\u0103rii p\u0103rului"},"content":{"rendered":"<ul>\n<li>\n<h4>sp\u0103larea p\u0103rului (dac\u0103 este cazul)<\/h4>\n<\/li>\n<li>\n<h4>aplicarea spumei de p\u0103r<\/h4>\n<\/li>\n<li>\n<h4>uscarea p\u0103rului cu peria \u0219i foehn-ul<\/h4>\n<\/li>\n<li>\n<h4>efectuarea coafurii dorite<\/h4>\n<\/li>\n<li>\n<h4>aplicarea fixativului \u0219i a luciului de p\u0103r<\/h4>\n<\/li>\n<\/ul>\n<h4>At\u00e2t la efectuarea coafurii c\u00e2t \u0219i a machiajului se va \u021bine cont de urm\u0103toarele aspecte: lumin\u0103, tema evenimentului, loca\u021bie, \u021binuta, tipul de ten, stilul personal.<\/h4>\n","protected":false},"excerpt":{"rendered":"<p>sp\u0103larea p\u0103rului (dac\u0103 este cazul) aplicarea spumei de p\u0103r uscarea p\u0103rului cu peria \u0219i foehn-ul efectuarea coafurii dorite aplicarea fixativului \u0219i a luciului de p\u0103r At\u00e2t la efectuarea coafurii c\u00e2t \u0219i a machiajului se va \u021bine cont de urm\u0103toarele aspecte: lumin\u0103, tema evenimentului, loca\u021bie, \u021binuta, tipul de ten, stilul personal.<\/p>\n","protected":false},"author":1,"featured_media":0,"parent":0,"menu_order":4,"comment_status":"closed","ping_status":"closed","template":"page-templates\/full-width.php","meta":{"om_disable_all_campaigns":false,"_monsterinsights_skip_tracking":false,"_monsterinsights_sitenote_active":false,"_monsterinsights_sitenote_note":"","_monsterinsights_sitenote_category":0,"footnotes":""},"class_list":["post-91","page","type-page","status-publish","hentry"],"aioseo_notices":[],"_links":{"self":[{"href":"https:\/\/www.alina-beauty.ro\/index.php?rest_route=\/wp\/v2\/pages\/91","targetHints":{"allow":["GET"]}}],"collection":[{"href":"https:\/\/www.alina-beauty.ro\/index.php?rest_route=\/wp\/v2\/pages"}],"about":[{"href":"https:\/\/www.alina-beauty.ro\/index.php?rest_route=\/wp\/v2\/types\/page"}],"author":[{"embeddable":true,"href":"https:\/\/www.alina-beauty.ro\/index.php?rest_route=\/wp\/v2\/users\/1"}],"replies":[{"embeddable":true,"href":"https:\/\/www.alina-beauty.ro\/index.php?rest_route=%2Fwp%2Fv2%2Fcomments&post=91"}],"version-history":[{"count":5,"href":"https:\/\/www.alina-beauty.ro\/index.php?rest_route=\/wp\/v2\/pages\/91\/revisions"}],"predecessor-version":[{"id":2448,"href":"https:\/\/www.alina-beauty.ro\/index.php?rest_route=\/wp\/v2\/pages\/91\/revisions\/2448"}],"wp:attachment":[{"href":"https:\/\/www.alina-beauty.ro\/index.php?rest_route=%2Fwp%2Fv2%2Fmedia&parent=91"}],"curies":[{"name":"wp","href":"https:\/\/api.w.org\/{rel}","templated":true}]}}