{"id":94,"date":"2014-01-25T22:32:33","date_gmt":"2014-01-25T20:32:33","guid":{"rendered":"http:\/\/www.alina-beauty.ro\/?page_id=94"},"modified":"2021-06-24T20:45:10","modified_gmt":"2021-06-24T18:45:10","slug":"produse-folosite","status":"publish","type":"page","link":"https:\/\/www.alina-beauty.ro\/?page_id=94","title":{"rendered":"Produse folosite"},"content":{"rendered":"\n<div class=\"wp-block-group\"><div class=\"wp-block-group__inner-container is-layout-flow wp-block-group-is-layout-flow\">\n<p> Fiecare mireas\u0103 dore\u0219te s\u0103 arate impecabil \u00een ziua nuntii \u0219i pentru aceasta apeleaz\u0103 la un <a rel=\"noreferrer noopener\" href=\"http:\/\/www.alina-beauty.ro\" target=\"_blank\"><strong>makeup artist Bucure\u0219ti<\/strong><\/a> \u0219i la un <strong><a rel=\"noreferrer noopener\" href=\"https:\/\/www.facebook.com\/triostylestudio\/\" target=\"_blank\">salon profesional de cosmetic\u0103 \u0219i coafur\u0103 din Bucure\u0219ti<\/a><\/strong>. Aici, o mireas\u0103 poate opta pentru o <strong><a rel=\"noreferrer noopener\" href=\"https:\/\/www.facebook.com\/HairstyleAndMakeUpByAlina\/\" target=\"_blank\">coafur\u0103 elegant\u0103 de nunt\u0103 Bucure\u0219ti<\/a><\/strong>, un <strong><a rel=\"noreferrer noopener\" href=\"https:\/\/www.facebook.com\/HairstyleAndMakeUpByAlina\/\" target=\"_blank\">machiaj mireas\u0103  Bucure\u0219ti<\/a><\/strong>, <strong><a rel=\"noreferrer noopener\" href=\"https:\/\/www.facebook.com\/HairstyleAndMakeUpByAlina\/\" target=\"_blank\">machiaj nunt\u0103 Bucure\u0219ti<\/a><\/strong>, sau poate apela chiar \u0219i la <strong><a rel=\"noreferrer noopener\" href=\"https:\/\/www.facebook.com\/TrioStyleStudio\/\" target=\"_blank\">tratamente cosmetice de nunta \u00een Bucure\u0219ti<\/a><\/strong>. <strong><a rel=\"noreferrer noopener\" href=\"https:\/\/www.facebook.com\/HairstyleAndMakeUpByAlina\/\" target=\"_blank\">Machiajul de mireas\u0103 Bucure\u0219ti<\/a><\/strong> trebuie sa fie rezistent, lucru valabil \u0219i pentru <strong><a rel=\"noreferrer noopener\" href=\"https:\/\/www.facebook.com\/HairstyleAndMakeUpByAlina\/\" target=\"_blank\">coafur\u0103 mireas\u0103 Bucure\u0219ti<\/a><\/strong>.  <\/p>\n\n\n\n<div class=\"wp-block-group\"><div class=\"wp-block-group__inner-container is-layout-flow wp-block-group-is-layout-flow\">\n<div class=\"wp-block-image\"><figure class=\"alignleft is-resized\"><a href=\"http:\/\/www.alina-beauty.ro\/wp-content\/uploads\/2014\/01\/Ardell_Logo3.jpg\"><img loading=\"lazy\" decoding=\"async\" src=\"http:\/\/www.alina-beauty.ro\/wp-content\/uploads\/2014\/01\/Ardell_Logo3-150x46.jpg\" alt=\"Ardell_Logo\" class=\"wp-image-1146\" width=\"150\" height=\"46\"\/><\/a><\/figure><\/div>\n\n\n\n<div class=\"wp-block-image\"><figure class=\"alignleft\"><a href=\"http:\/\/www.alina-beauty.ro\/wp-content\/uploads\/2014\/01\/Black-S3.jpg\"><img loading=\"lazy\" decoding=\"async\" width=\"150\" height=\"54\" src=\"http:\/\/www.alina-beauty.ro\/wp-content\/uploads\/2014\/01\/Black-S3-150x54.jpg\" alt=\"Black S\" class=\"wp-image-1147\"\/><\/a><\/figure><\/div>\n\n\n\n<div class=\"wp-block-image\"><figure class=\"alignleft\"><a href=\"http:\/\/www.alina-beauty.ro\/wp-content\/uploads\/2014\/01\/CHI3.jpg\"><img loading=\"lazy\" decoding=\"async\" width=\"150\" height=\"84\" src=\"http:\/\/www.alina-beauty.ro\/wp-content\/uploads\/2014\/01\/CHI3-150x84.jpg\" alt=\"CHI\" class=\"wp-image-1148\"\/><\/a><\/figure><\/div>\n\n\n\n<div class=\"wp-block-image\"><figure class=\"alignleft\"><a href=\"http:\/\/www.alina-beauty.ro\/wp-content\/uploads\/2014\/01\/Coastal3.gif\"><img loading=\"lazy\" decoding=\"async\" width=\"150\" height=\"35\" src=\"http:\/\/www.alina-beauty.ro\/wp-content\/uploads\/2014\/01\/Coastal3-150x35.gif\" alt=\"Coastal\" class=\"wp-image-1149\"\/><\/a><\/figure><\/div>\n\n\n\n<div class=\"wp-block-image\"><figure class=\"alignleft\"><a href=\"http:\/\/www.alina-beauty.ro\/wp-content\/uploads\/2014\/01\/Fraulein3.png\"><img loading=\"lazy\" decoding=\"async\" width=\"150\" height=\"19\" src=\"http:\/\/www.alina-beauty.ro\/wp-content\/uploads\/2014\/01\/Fraulein3-150x19.png\" alt=\"Fraulein\" class=\"wp-image-1150\" srcset=\"https:\/\/www.alina-beauty.ro\/wp-content\/uploads\/2014\/01\/Fraulein3-150x19.png 150w, https:\/\/www.alina-beauty.ro\/wp-content\/uploads\/2014\/01\/Fraulein3.png 160w\" sizes=\"auto, (max-width: 150px) 100vw, 150px\" \/><\/a><\/figure><\/div>\n\n\n\n<div class=\"wp-block-image\"><figure class=\"alignleft\"><a href=\"http:\/\/www.alina-beauty.ro\/wp-content\/uploads\/2014\/01\/L-oreal3.jpg\"><img loading=\"lazy\" decoding=\"async\" width=\"150\" height=\"47\" src=\"http:\/\/www.alina-beauty.ro\/wp-content\/uploads\/2014\/01\/L-oreal3-150x47.jpg\" alt=\"L oreal\" class=\"wp-image-1151\"\/><\/a><\/figure><\/div>\n\n\n\n<div class=\"wp-block-image\"><figure class=\"alignleft\"><a href=\"http:\/\/www.alina-beauty.ro\/wp-content\/uploads\/2014\/01\/logo_melkior3.png\"><img loading=\"lazy\" decoding=\"async\" width=\"150\" height=\"87\" src=\"http:\/\/www.alina-beauty.ro\/wp-content\/uploads\/2014\/01\/logo_melkior3-150x87.png\" alt=\"logo_melkior\" class=\"wp-image-1152\"\/><\/a><\/figure><\/div>\n\n\n\n<div class=\"wp-block-image\"><figure class=\"alignleft\"><a href=\"http:\/\/www.alina-beauty.ro\/wp-content\/uploads\/2014\/01\/Logo-Parisax-grand3.jpg\"><img loading=\"lazy\" decoding=\"async\" width=\"150\" height=\"102\" src=\"http:\/\/www.alina-beauty.ro\/wp-content\/uploads\/2014\/01\/Logo-Parisax-grand3-150x102.jpg\" alt=\"Logo-Parisax-grand\" class=\"wp-image-1153\"\/><\/a><\/figure><\/div>\n\n\n\n<div class=\"wp-block-image\"><figure class=\"alignleft\"><a href=\"http:\/\/www.alina-beauty.ro\/wp-content\/uploads\/2014\/01\/Londa-prof3.jpg\"><img loading=\"lazy\" decoding=\"async\" width=\"150\" height=\"107\" src=\"http:\/\/www.alina-beauty.ro\/wp-content\/uploads\/2014\/01\/Londa-prof3-150x107.jpg\" alt=\"Londa-prof\" class=\"wp-image-1154\"\/><\/a><\/figure><\/div>\n\n\n\n<div class=\"wp-block-image\"><figure class=\"alignleft\"><a href=\"http:\/\/www.alina-beauty.ro\/wp-content\/uploads\/2014\/01\/MAC-logo3.jpg\"><img loading=\"lazy\" decoding=\"async\" width=\"150\" height=\"93\" src=\"http:\/\/www.alina-beauty.ro\/wp-content\/uploads\/2014\/01\/MAC-logo3-150x93.jpg\" alt=\"MAC-logo\" class=\"wp-image-1155\"\/><\/a><\/figure><\/div>\n\n\n\n<p><\/p>\n\n\n\n<div class=\"wp-block-image\"><figure class=\"alignleft\"><a href=\"http:\/\/www.alina-beauty.ro\/wp-content\/uploads\/2014\/01\/MUA3.jpg\"><img loading=\"lazy\" decoding=\"async\" width=\"150\" height=\"72\" src=\"http:\/\/www.alina-beauty.ro\/wp-content\/uploads\/2014\/01\/MUA3-150x72.jpg\" alt=\"MUA\" class=\"wp-image-1156\"\/><\/a><\/figure><\/div>\n\n\n\n<figure class=\"wp-block-image\"><a href=\"http:\/\/www.alina-beauty.ro\/wp-content\/uploads\/2014\/01\/NYX3.png\"><img loading=\"lazy\" decoding=\"async\" width=\"150\" height=\"78\" src=\"http:\/\/www.alina-beauty.ro\/wp-content\/uploads\/2014\/01\/NYX3-150x78.png\" alt=\"NYX\" class=\"wp-image-1157\"\/><\/a><\/figure>\n\n\n\n<p><\/p>\n\n\n\n<div class=\"wp-block-image\"><figure class=\"alignleft\"><a href=\"http:\/\/www.alina-beauty.ro\/wp-content\/uploads\/2014\/01\/Peggy-Sage3.gif\"><img loading=\"lazy\" decoding=\"async\" width=\"150\" height=\"150\" src=\"http:\/\/www.alina-beauty.ro\/wp-content\/uploads\/2014\/01\/Peggy-Sage3-150x150.gif\" alt=\"Peggy Sage\" class=\"wp-image-1158\"\/><\/a><\/figure><\/div>\n\n\n\n<div class=\"wp-block-image\"><figure class=\"alignleft\"><a href=\"http:\/\/www.alina-beauty.ro\/wp-content\/uploads\/2014\/01\/Sephora3.jpg\"><img loading=\"lazy\" decoding=\"async\" width=\"150\" height=\"47\" src=\"http:\/\/www.alina-beauty.ro\/wp-content\/uploads\/2014\/01\/Sephora3-150x47.jpg\" alt=\"Sephora\" class=\"wp-image-1159\"\/><\/a><\/figure><\/div>\n\n\n\n<div class=\"wp-block-image\"><figure class=\"alignleft\"><a href=\"http:\/\/www.alina-beauty.ro\/wp-content\/uploads\/2014\/01\/Sleek3.jpg\"><img loading=\"lazy\" decoding=\"async\" width=\"150\" height=\"150\" src=\"http:\/\/www.alina-beauty.ro\/wp-content\/uploads\/2014\/01\/Sleek3-150x150.jpg\" alt=\"Sleek\" class=\"wp-image-1160\" srcset=\"https:\/\/www.alina-beauty.ro\/wp-content\/uploads\/2014\/01\/Sleek3-150x150.jpg 150w, https:\/\/www.alina-beauty.ro\/wp-content\/uploads\/2014\/01\/Sleek3.jpg 160w\" sizes=\"auto, (max-width: 150px) 100vw, 150px\" \/><\/a><\/figure><\/div>\n\n\n\n<div class=\"wp-block-image\"><figure class=\"alignleft is-resized\"><a href=\"http:\/\/www.alina-beauty.ro\/wp-content\/uploads\/2014\/01\/yves_rocher_thumb3.png\"><img loading=\"lazy\" decoding=\"async\" src=\"http:\/\/www.alina-beauty.ro\/wp-content\/uploads\/2014\/01\/yves_rocher_thumb3-150x150.png\" alt=\"yves_rocher_thumb\" class=\"wp-image-1161\" width=\"150\" height=\"150\" srcset=\"https:\/\/www.alina-beauty.ro\/wp-content\/uploads\/2014\/01\/yves_rocher_thumb3-150x150.png 150w, https:\/\/www.alina-beauty.ro\/wp-content\/uploads\/2014\/01\/yves_rocher_thumb3.png 160w\" sizes=\"auto, (max-width: 150px) 100vw, 150px\" \/><\/a><\/figure><\/div>\n<\/div><\/div>\n<\/div><\/div>\n\n\n\n<div class=\"wp-block-group is-layout-flow wp-block-group-is-layout-flow\"><div class=\"wp-block-group__inner-container\"><\/div><\/div>\n","protected":false},"excerpt":{"rendered":"<p>Fiecare mireas\u0103 dore\u0219te s\u0103 arate impecabil \u00een ziua nuntii \u0219i pentru aceasta apeleaz\u0103 la un makeup artist Bucure\u0219ti \u0219i la un salon profesional de cosmetic\u0103 \u0219i coafur\u0103 din Bucure\u0219ti. Aici, o mireas\u0103 poate opta pentru o coafur\u0103 elegant\u0103 de nunt\u0103 Bucure\u0219ti, un machiaj mireas\u0103 Bucure\u0219ti, machiaj nunt\u0103 Bucure\u0219ti, sau poate apela chiar \u0219i la tratamente&hellip; <a href=\"https:\/\/www.alina-beauty.ro\/?page_id=94\">Read More<\/a><\/p>\n","protected":false},"author":1,"featured_media":0,"parent":0,"menu_order":5,"comment_status":"closed","ping_status":"closed","template":"page-templates\/full-width.php","meta":{"om_disable_all_campaigns":false,"_monsterinsights_skip_tracking":false,"_monsterinsights_sitenote_active":false,"_monsterinsights_sitenote_note":"","_monsterinsights_sitenote_category":0,"footnotes":""},"class_list":["post-94","page","type-page","status-publish","hentry"],"aioseo_notices":[],"_links":{"self":[{"href":"https:\/\/www.alina-beauty.ro\/index.php?rest_route=\/wp\/v2\/pages\/94","targetHints":{"allow":["GET"]}}],"collection":[{"href":"https:\/\/www.alina-beauty.ro\/index.php?rest_route=\/wp\/v2\/pages"}],"about":[{"href":"https:\/\/www.alina-beauty.ro\/index.php?rest_route=\/wp\/v2\/types\/page"}],"author":[{"embeddable":true,"href":"https:\/\/www.alina-beauty.ro\/index.php?rest_route=\/wp\/v2\/users\/1"}],"replies":[{"embeddable":true,"href":"https:\/\/www.alina-beauty.ro\/index.php?rest_route=%2Fwp%2Fv2%2Fcomments&post=94"}],"version-history":[{"count":18,"href":"https:\/\/www.alina-beauty.ro\/index.php?rest_route=\/wp\/v2\/pages\/94\/revisions"}],"predecessor-version":[{"id":2476,"href":"https:\/\/www.alina-beauty.ro\/index.php?rest_route=\/wp\/v2\/pages\/94\/revisions\/2476"}],"wp:attachment":[{"href":"https:\/\/www.alina-beauty.ro\/index.php?rest_route=%2Fwp%2Fv2%2Fmedia&parent=94"}],"curies":[{"name":"wp","href":"https:\/\/api.w.org\/{rel}","templated":true}]}}